-15))/(490/11025) is divided by n.
24
Suppose -g = y + 6, -18*y - 3*g - 28 = -14*y. What is the remainder when 15/y*136/(-12) is divided by 9?
8
Let u = -2113 + 2805. Calculate the remainder when u is divided by 17.
12
Let s(p) = -2*p**2 - 53*p - 153. What is the remainder when 4655 is divided by s(-23)?
7
Let x = -64 - -53. Let g(d) = -63*d + 113. Calculate the remainder when g(x) is divided by 15.
11
Let q(f) = f**3 - 25*f**2 - 163*f - 71. What is the remainder when q(31) is divided by 120?
42
Suppose -3*u + 149 = -u + x, -5*u + x = -362. What is the remainder when (-46 - (2 + 2))/(-17 - -23)*-18 is divided by u?
4
Let s(p) = 3*p**2 - p - 23. Suppose -4*c + 2*y + 130 = -20, -5*c - 3*y + 182 = 0. What is the remainder when c is divided by s(4)?
16
Suppose 5*q + 5*i - 44 = 21, 5*q - 23 = i. What is the remainder when 1629 is divided by q?
3
Suppose 4690 = 2*d + 4*y + 86, 5*d = -4*y + 11480. Calculate the remainder when d is divided by 62.
60
Suppose -4*g = 2*w - 176, -20*g - 174 = -24*g - 3*w. Suppose 132 = u + 2*u. Let k = g - u. What is the remainder when 2 is divided by k?
0
Let a = -304 - -307. Calculate the remainder when (2 - a)/((-3)/69 + 0) is divided by 5.
3
Suppose 2*v - 13 = 3*j, -52 = 5*j + 125*v - 124*v. Suppose 0*t - 3*t = -15. Calculate the remainder when 43 is divided by (40/t)/((-6)/j).
7
Let x = -5291 + 5381. What is the remainder when 365 is divided by x?
5
Let b(d) = -159*d + 1316. Let g(u) = 4*u**2 - u - 2. Let l be 0*2/4 - 2. What is the remainder when b(8) is divided by g(l)?
12
Let w be (68 + 18)/(-2*2/(-12)). Let t = w + -132. What is the remainder when t is divided by 43?
40
Let w(m) = -6*m**2 - 19*m + 5. What is the remainder when w(-2) is divided by 3?
1
Let o be (85/(-25) - -3) + (-132)/(-30). Let h(m) be the second derivative of 2*m**3/3 + 2*m**2 + 2*m. Calculate the remainder when 74 is divided by h(o).
14
Let j(y) = -y**2 + 22*y - 99. Let u = 629 - 616. Suppose -3*z - 5*m + 184 = -0*z, 5*z - 4*m - 319 = 0. What is the remainder when z is divided by j(u)?
9
Let m = 1508 + -1145. What is the remainder when m is divided by 95?
78
Let b = 3919 + -3819. What is the remainder when 2779 is divided by b?
79
Let f(d) = -2 + 2*d**2 - 9*d + 0*d**3 - d**3 + d**2 + 15*d. Let m be f(4). Suppose -83 = -m*x + 37. Calculate the remainder when 79 is divided by x.
19
Suppose -2*y + 44 = -0*y. Suppose 2*b + 3*j + 11 = -16, b - j = -1. Let m(u) = u**3 + 6*u**2 - u - 2. Calculate the remainder when y is divided by m(b).
2
Suppose -p + 13 = -3*b, 5*b - 125 = 87*p - 92*p. What is the remainder when 124 is divided by p?
14
Let c = 22 + 13. Let d be (4/8)/(3/(-42)) + 4. What is the remainder when 83 is divided by 504/c - 2/(-15)*d?
13
Suppose 1890*y - 26 = 1877*y. What is the remainder when 323 is divided by y?
1
Let r(k) = -2*k**2 + 25*k + 8. Let m be r(13). What is the remainder when 115 is divided by (-52*m/100)/((-1)/(-5))?
11
Suppose 66 = 2*f + 2*b, 242*f + 5*b + 105 = 247*f. What is the remainder when 2130 is divided by f?
24
Let u(c) = -3*c**2 - 23*c + 1. Let g be u(-7). Suppose 5*q + 28 = -7. Let j = q + g. Calculate the remainder when 29 is divided by j.
5
Let s = -768 - -423. Let y = s - -359. What is the remainder when 53 is divided by y?
11
Suppose 1349 = -3*n + 287. Let s = -213 - n. Calculate the remainder when s is divided by 50.
41
Let m(n) = -6*n**2 + n**3 - 21*n + 8*n + 6 + 16*n + 8*n. What is the remainder when m(6) is divided by 19?
15
Let c(r) = -4*r + 7. Suppose -30 = 139*s - 36*s - 1060. What is the remainder when c(-7) is divided by s?
5
Let l(r) = -7*r + 35. Let f(q) = 6*q - 35. Let g(p) = -3*f(p) - 4*l(p). Let u be g(8). What is the remainder when 47 is divided by (-2)/(-3) - (-555)/u?
8
Let i(l) = -4*l**2 + 6*l - 9. Let c be i(-5). Let j = c - -131. Let f(k) = -k**3 - 6*k**2 + 13*k + 2. Calculate the remainder when f(j) is divided by 14.
12
Suppose -515*j + 479*j = -684. What is the remainder when 9078 is divided by j?
15
Let j(x) = -3*x**2 - 21. Let b be j(-6). Let m = 173 + b. What is the remainder when m is divided by 7?
2
Suppose -12*a - 14 = -14*a. Let g(i) = i**2 - 10*i + 30. What is the remainder when g(12) is divided by a?
5
Suppose -b + 20 = -3*b - 2*v, -5*b + 4*v - 95 = 0. Let w = 496 - 489. Calculate the remainder when b/(-2)*(-18)/(-5) is divided by w.
6
Suppose 10*c - 472 = 7538. What is the remainder when c is divided by 21?
3
Let t(u) = u**3 - 39*u**2 + 38*u + 14. Let q be t(38). Calculate the remainder when 100/(-16)*(-38 + q) is divided by 77.
73
Let b(o) = -6*o**3 - 2*o - 2. Let a be b(-2). Let i = 60 - a. Let g = 18 - i. Calculate the remainder when 36 is divided by g.
4
Let g = 528 + -531. Let i(c) = -c**2 - 1 - 1 - 2 - 8*c. Calculate the remainder when 39 is divided by i(g).
6
Suppose 8*k - 4*w + 136 = 12*k, 2*k = 5*w + 47. Calculate the remainder when 37 is divided by k.
6
Let a(t) = -t**3 - 9*t**2 - 15*t. Let x(n) = 109*n - 83. What is the remainder when x(1) is divided by a(-7)?
5
What is the remainder when 34208 is divided by 4370/14 - (29 - 2730/98)?
309
Suppose -4*u + 2 + 2 = f, -2*f = u - 43. What is the remainder when (-88)/8 - (-88 - -2) is divided by f?
3
Let w(p) = -p**2 + 7*p + 34. Let g be w(10). Calculate the remainder when 45 is divided by (-46)/4*((-20)/g - -3).
22
Let x = -29759 + 29803. Let r be 3/6*2*2. Calculate the remainder when x is divided by 0 + (26 - r) + 1.
19
Suppose -18 = -5*r + 3*r. Suppose -5*b = 4*d - 61, -r = d - 3*b - 3. Suppose -4*v - d = -25. Calculate the remainder when 6 is divided by v.
2
Let c be (1/(-2))/(1/(-4)). Suppose 4*j = 26 + c. Let x(z) = 2*z**2 - 124*z + 795. Calculate the remainder when x(7) is divided by j.
4
Let u = -450 + 455. Suppose -w + 76 = 4*a, -9*a + u*w + 40 = -8*a. Let i = -16 + 30. What is the remainder when a is divided by i?
6
Calculate the remainder when 355 is divided by (-45)/(-30)*2716/30 + 12/10.
81
Let o = -11 + 19. Suppose -2*l + 304 = 5*v, -5*v = -3*l + 182 + 274. Suppose 0*b = -o*b + l. What is the remainder when 53 is divided by b?
15
Let a be 413154/(-459) - (-2)/17. Calculate the remainder when (-3)/4*(-8 - a/(-27)) is divided by 8.
7
Suppose 0*f + 3*f + 57 = 0. Let r = -11 - f. Suppose 2517 = -7*x + 2734. Calculate the remainder when x is divided by r.
7
Suppose 6 + 4 = 5*g. Suppose -g*z - 2*a + 34 = z, -2*a - 6 = -2*z. Let y(m) = m**2 + 2*m - 15. Calculate the remainder when y(-7) is divided by z.
4
Suppose 16*c = 18*c - 3*i - 25, 3*i = -2*c + 79. Let h(k) = 71*k**3 + k**2 - k + 1. Calculate the remainder when h(1) is divided by c.
20
Let y(q) = -13 + 5 + 4*q - 68. Calculate the remainder when 530 is divided by y(26).
26
Let p = -157 - -233. Suppose 3*y - p = -7. What is the remainder when 43 is divided by y?
20
Let s = -54 + 74. Suppose 0 = -s*v + 68 + 552. Calculate the remainder when v is divided by 9.
4
Let k(l) = l**3 - l**2 - l + 2. Let a be k(2). Suppose -2 = a*s + h - 39, 0 = 3*s - h - 26. Suppose -z = -s + 7. Calculate the remainder when 7 is divided by z.
1
Suppose 0 = -3*v - 93 + 516. Let i be (3 - 1) + 5 + 88/(-22). Suppose -3*n - 125 = -5*d + 124, -n + v = i*d. Calculate the remainder when d is divided by 13.
9
Suppose -309 = -7*b - 183. Let h(q) = 2*q**2 - 16*q + 16. Calculate the remainder when h(18) is divided by b.
16
Let c = -14 - -19. Suppose c*d + d = 12. Calculate the remainder when 23 is divided by d.
1
Let g(x) be the third derivative of x**6/120 - 11*x**5/60 + x**4/6 + 37*x**3/2 + 8*x**2 + 13. What is the remainder when g(12) is divided by 16?
15
Let s = 383 - 173. Suppose 0 = 19*n - s - 151. What is the remainder when 550 is divided by n?
18
Suppose -5*f + 3*p + 27 = -25, -36 = -4*f + p. Suppose -4*z + f = 0, 12*i - 13*i = -2*z - 123. What is the remainder when i is divided by 19?
13
Let l = 23704 - 23673. What is the remainder when 5140 is divided by l?
25
Suppose 13*m - 356 = -4*h + 9*m, 2*m = 4*h - 326. Suppose -95 = -5*x - u, -16 - h = -5*x - 2*u. What is the remainder when 48 is divided by x?
12
Let x(q) be the first derivative of -q**4/4 - 23*q**3/3 - 19*q**2/2 + 94*q - 129. Calculate the remainder when 134 is divided by x(-22).
22
Suppose c + 22 = 119. Suppose -t - 8 = -q + 10, 0 = -2*q + t + 27. What is the remainder when c is divided by q?
7
Let r(m) = m**3 + 5*m**2 - 7*m + 